(v) = -4*r(v) + w(v). Suppose 4*n + 11 - 3 = -4*p, 6 = -2*p - 4*n. Calculate k(p).
9
Let x(r) be the first derivative of r**5/20 - r**4/3 + r**3/6 + r**2/2 + 46*r - 32. Let a(w) be the first derivative of x(w). Determine a(3).
-5
Let k(p) be the third derivative of -p**6/12 + p**5/60 + p**4/24 + 80*p**2. Calculate k(-1).
10
Suppose 5*f - 226 = -221. Let t(d) be the first derivative of -5*d**2/2 + d - 7. Calculate t(f).
-4
Suppose 3 = 2*r - 3. Let q(l) = -2*l**3 + 50*l**2 + 9*l + 8. Let p(n) = -n**3 + 27*n**2 + 5*n + 4. Let c(v) = 11*p(v) - 6*q(v). Give c(r).
-1
Let w(g) = g**2 - 9*g + 11. Suppose -8 - 22 = 2*m - 2*y, 3*y + 30 = -2*m. Let i be (-2 + m/(-6))*16. What is w(i)?
3
Let z(j) = -j**3 + 7*j**2 - 11*j + 37. Let k = 1807 - 1801. Calculate z(k).
7
Let j = 23 - 18. Suppose j*w - 7 = 4*w. Let k(z) = -1 - w*z**2 + 3*z**2 - 4*z**2. Calculate k(1).
-9
Let b(q) = -13*q**2 + 11*q - 3. Let v(g) = -15*g**2 + 11*g - 4. Let p(n) = -7*b(n) + 6*v(n). Give p(12).
9
Let p(c) = 2*c + 1. Let f be p(-6). Let v = f - -13. Let l(k) = 3*k - 7*k - 4 - k**2 + v*k**2 + 0*k. Calculate l(4).
-4
Let f(g) = -7*g + 5. Let s(j) = -j. Let i(d) = -f(d) + 6*s(d). Suppose 3*k = 2*k - 13. Let n = -9 - k. What is i(n)?
-1
Let u(j) = -6*j**2 - 5*j + 14. Let h(z) = 5*z**2 + 3*z - 13. Let i(m) = 7*h(m) + 6*u(m). Calculate i(-8).
1
Let n be (0/(-3))/(-6) + 0 + -1. Let u be n + 7 + 0 + 2 + -5. Let o(i) = 0*i - 2 + i + 3 - 5. Determine o(u).
-1
Let t(f) be the third derivative of 4/3*f**3 - 1/24*f**4 + 0*f + 0 - 14*f**2. What is t(8)?
0
Let t(v) be the third derivative of v**4/24 - v**3/2 + 3*v**2 - 4*v. Give t(10).
7
Suppose -175*n + 172*n + 18 = 0. Let j(a) = -n + 10*a**3 - a + a**2 + 5 - a**3. Suppose 0 + 4 = -4*m. Calculate j(m).
-8
Suppose z - x = 2, 5*x + 15 = 2*x. Let s(n) be the first derivative of n**2/2 - 3*n - 8. Let y be s(z). Let i(f) = -f - 10. What is i(y)?
-4
Let j(n) = n**3 - 4*n**2 + 2*n. Let p = 66 + -58. Let m be (-2)/(-1)*49/14. Suppose -m = -p*y + 17. What is j(y)?
-3
Let a = 5 + -5. Let h(p) = 5*p**3 - 6 - 1 - 4*p**3. Calculate h(a).
-7
Let r(c) be the third derivative of c**8/20160 + c**7/1260 - c**6/720 - 2*c**5/15 - 5*c**2. Let q(m) be the third derivative of r(m). Give q(-4).
-1
Suppose -7*x + 3*x + 12 = 0. Let t be (-10)/(-4) - x/(-6). Let h(s) = s**3 + 58*s - 2 - 63*s + t*s**2 - s**2 + 2*s**2. Determine h(-5).
-2
Let x(n) = n**2 + 9*n - 2. Let i be x(-11). Suppose 3*f + i = -4*g, 20 = 3*f + 2*g - 6*g. Let r(q) = -q - 1. Give r(f).
-1
Let o(u) be the first derivative of u**6/360 - u**5/30 - u**4/6 - 2*u**3/3 - 8. Let f(j) be the third derivative of o(j). What is f(-3)?
17
Let w(o) = -o**2 + o. Let p be 119/28 + 1/12*-15. What is w(p)?
-6
Let o = -948 + 944. Let h(c) = -c**2 + 3*c + 8. Calculate h(o).
-20
Let x(i) = -i**2 - 3 + i**3 + 5*i - 4*i + 6*i**2 + 2. Let l be ((-6)/(-18))/((-3)/45). Calculate x(l).
-6
Let l(o) be the first derivative of -o**3/3 + o**2 + 5*o + 177. Calculate l(2).
5
Let x(z) = -4*z + 491 - 490 + 0*z. Suppose 0 = 2*b - 2*y, -3*y = -y - 4. Calculate x(b).
-7
Let m = -1898 + 1898. Let n(j) be the third derivative of -1/120*j**6 - 3*j**2 + m*j + 7/60*j**5 - 1/6*j**3 - 7/24*j**4 + 0. Give n(6).
-7
Let p(c) = -3*c + 16. Suppose 24*i + 2 = 26*i. Let v(z) = -z + 1. Let l(u) = i*p(u) - 4*v(u). Determine l(0).
12
Let l(k) be the first derivative of -k**2/2 - 24. Let o(q) = -q**3 + 6*q**2 + q + 8. Let x be o(6). Let n = -20 + x. Determine l(n).
6
Let a(s) be the second derivative of -s**5/60 + s**4/12 - 5*s**3/2 + 2*s. Let p(v) be the second derivative of a(v). What is p(-2)?
6
Let z = 6 + -5. Let v = 6 + z. Suppose u = -4*p, v*u + 20 = 2*u. Let o(f) = 7*f**2 + f - 1. Give o(p).
7
Let j(p) = -p**3 - 5*p**2 - 2*p - 7. Let l be j(-5). Suppose 0 = 3*n - 5*v - 15 - 3, 3*v = l*n - 18. Let f(c) = 0 + c - n + 5 - c**2. Calculate f(2).
-3
Let t(q) = 13*q + 7. Let c(u) = -68*u - 36. Let b(z) = -3*c(z) - 16*t(z). What is b(-5)?
16
Let i(x) = x**3 + x**2 - 2*x - 1. Let z(h) = -7*h**3 - 10*h**2 + 19*h + 4. Let n(b) = 6*i(b) + z(b). What is n(-5)?
-12
Let d be ((-4)/10)/((-3)/30). Suppose -81 = -3*y - 3*z, 171 - 40 = 5*y + 4*z. Suppose d*i = y - 11. Let q(m) = m**3 - 5*m**2 + 3*m + 4. Calculate q(i).
-5
Let f(a) = 4*a - 61. Let y be f(17). Let n(b) = -3*b**3 - 5*b**2 - 13*b - 4. Let x(o) = -o**3 - 2*o**2 - 4*o - 1. Let s(p) = y*x(p) - 2*n(p). What is s(-4)?
9
Let o(z) = z**3 + 5*z**2 - 5*z + 1. Let y(i) = -2*i**3 - 5*i**2 + 9*i + 1. Let h(l) = -3*o(l) - 2*y(l). What is h(6)?
13
Let a(l) = 2*l**2 + l - 1. Let i(d) = d**3 - d**2 - 2*d - 12. Let v = 3 - 3. Let y be i(v). Let k = 10 + y. Calculate a(k).
5
Let d(z) be the third derivative of -1/2*z**3 + 1/40*z**5 + 2*z**2 + 1/24*z**4 + 0 + 0*z. Let s(u) be the first derivative of d(u). What is s(-1)?
-2
Let f(o) = -o. Let j(g) = -2*g**2 + 12*g - 4. Let b be j(6). Let t be -1*7 - (-5 - b). What is f(t)?
6
Let o(a) be the second derivative of -a**6/720 + a**5/120 + 5*a**4/12 + 17*a. Let y(k) be the third derivative of o(k). Determine y(3).
-2
Let k(h) = -10*h + 9*h - 4 + 4 + 2. Let o = 15 - 9. Let u be k(o). Let x(f) = -f - 2. What is x(u)?
2
Let m(a) = a**2 - 19*a - 4. Let v be (-38*(-2)/(-2))/(-2). Let h be m(v). Let s(u) = -u**2 - 5*u. Give s(h).
4
Let o be 7/(-2) - 4/(-8). Let h(i) = -19*i**3 - 16*i**2 - 37*i - 1. Let u(b) = 7*b**3 + 6*b**2 + 13*b. Let c(t) = 4*h(t) + 11*u(t). Calculate c(o).
2
Let t(i) be the first derivative of 3*i**2/2 + 15. Give t(1).
3
Let p(r) = r - 5. Let f(g) = -1. Let d(j) = 3*f(j) - p(j). Let x(q) = -22*q**3 + 2*q**2 + q. Let n be x(-1). Let m = n - 16. What is d(m)?
-5
Let r be (-2)/(0 - -1 - -1). Let n(b) = -13*b + 3. Let v(s) = 8*s - 2. Let g(t) = -2*n(t) - 3*v(t). Determine g(r).
-2
Let w(h) be the second derivative of -h**3/6 + 3*h**2 + 25*h + 2. What is w(9)?
-3
Let q = 130 - 130. Let a(u) be the third derivative of -1/60*u**5 + 0*u - u**2 - 1/120*u**6 - 1/24*u**4 - 5/6*u**3 + 0. What is a(q)?
-5
Let z(a) = 29 - 111*a + 338*a - 116*a - 113*a. Calculate z(13).
3
Let c(h) = h**2 - 10*h + 13. Suppose 2 = 21*b - 20*b + 4*q, -b + 3*q = -16. Give c(b).
13
Let m(n) be the third derivative of n**5/60 - 5*n**2. Let a be m(1). Let t(i) = 4 - 3*i - i**2 + 0 - 5 - a. What is t(-2)?
0
Let g(x) be the first derivative of -1/3*x**3 + 0*x**2 - 13 - 2*x. What is g(-2)?
-6
Let p(c) = c**3 - c - 23. Suppose 4*d - 3 + 3 = 0. Determine p(d).
-23
Let s be -4*4/(-6)*3. Suppose 4*z - 17 = -9. Let j(o) = 12 - 1 + 7*o**z - o**3 + 6*o + 0 + 0*o**3. Give j(s).
-5
Let y(j) = 4*j. Let w be y(1). Suppose -l - w - 2 = 0. Let n(t) = -t + 7. Give n(l).
13
Let r(m) be the third derivative of -10*m**2 - 2/3*m**3 + 1/8*m**4 + 0 + 1/60*m**5 + 0*m. Give r(-3).
-4
Let u(r) = -4*r**3 - 11*r**2 - 12*r - 15. Let z(g) = -5*g**3 - 11*g**2 - 12*g - 14. Let p(v) = 4*u(v) - 3*z(v). What is p(-10)?
2
Let g(i) = 3*i + i - 3*i. Let n(o) = -o - 5. Let v be n(-7). Suppose -3*k - 18 = -2*l - 0*k, 0 = -v*k - 8. Calculate g(l).
3
Let b(g) be the first derivative of g**6/360 + g**5/60 - g**4/6 - 11*g**3/3 + 3. Let h(y) be the third derivative of b(y). What is h(3)?
11
Let j(o) be the second derivative of -o**4/12 + 7*o**3/6 + o**2/2 - 41*o. Suppose 0 = 2*c - 6*c - 28. Let f be 7/c*-5*1. Calculate j(f).
11
Let k(c) = c + 11. Let g(y) = -3*y - 21. Let r be g(-7). Suppose -l - 13 = 2*h, r = l - 5*h + 4*h + 7. Give k(l).
2
Let o(z) = 104*z - 51*z - 52*z. Let t(c) = -3*c - 6. Let b(a) = -4*o(a) - t(a). Let i be (-80)/(-14) + 4/14. Calculate b(i).
0
Suppose -2*x - 89 = -5*w - 0*x, 2 = -x. Suppose r - w = -14. Let u(s) = s**3 - 4*s + 4. Calculate u(r).
19
Suppose 4*g + 0*l = -2*l + 16, -g - 4*l - 10 = 0. Let a(n) = n**3 - 5*n**2 - 4*n + 4. Determine a(g).
16
Let q(b) = b**2 - b - 5. Let s(l) = 3*l**2 - 27*l - 12. Let w(m) = -2*q(m) + s(m). Calculate w(25).
-2
Let b(q) be the third derivative of -q**6/120 + q**5/12 - q**4/12 - q**3/3 + 2*q**2 - 13. Determine b(4).
6
Let u(l) = l**2 + 3*l + 6. Suppose 21*y = 13*y - 32. Calculate u(y).
10
Suppose -1493 = 3*k - 1526. Let q(w) = w**2 - 13*w + 3. What is q(k)?
-19
Let i(z) = z**3 + 3*z**2 + z. Let y = 26 + -25. Suppose l + y = -2. Give i(l).
-3
Let u(b) = -2*b**2 - 23*b - 12. Let f(c) be the second derivative of -c**4/12 - 2*c**3 - 3*c**2 - 14*c. Let y(n) = -5*f(n) + 3*u(n). What is y(-7